039190?
3
What is the ten millions digit of 29876417?
2
What is the ten thousands digit of 97359675?
5
What is the hundred thousands digit of 185458840?
4
What is the thousands digit of 33415743?
5
What is the tens digit of 9612801?
0
What is the hundred thousands digit of 1040642960?
6
What is the hundred millions digit of 899400241?
8
What is the units digit of 343286389?
9
What is the ten thousands digit of 3505918016?
1
What is the tens digit of 3737213?
1
What is the hundred millions digit of 1131616811?
1
What is the hundreds digit of 1560172505?
5
What is the hundreds digit of 47006773?
7
What is the tens digit of 85653040?
4
What is the millions digit of 4049856391?
9
What is the hundreds digit of 2602410685?
6
What is the millions digit of 723265389?
3
What is the millions digit of 16106475?
6
What is the ten thousands digit of 43954365?
5
What is the tens digit of 10034960?
6
What is the hundred millions digit of 1241831913?
2
What is the hundreds digit of 102873344?
3
What is the thousands digit of 670958239?
8
What is the units digit of 88899700?
0
What is the tens digit of 148396800?
0
What is the hundred thousands digit of 54111629?
1
What is the units digit of 3214744690?
0
What is the ten thousands digit of 47243476?
4
What is the tens digit of 53709100?
0
What is the millions digit of 4819899706?
9
What is the hundreds digit of 19779142?
1
What is the ten thousands digit of 2702747?
0
What is the units digit of 98499572?
2
What is the units digit of 66812303?
3
What is the ten millions digit of 986596776?
8
What is the ten thousands digit of 1604234155?
3
What is the millions digit of 252581924?
2
What is the ten thousands digit of 1162664879?
6
What is the millions digit of 3359028053?
9
What is the millions digit of 1142506155?
2
What is the hundreds digit of 2151283553?
5
What is the thousands digit of 516189335?
9
What is the hundreds digit of 409196173?
1
What is the tens digit of 41647793?
9
What is the ten thousands digit of 320019056?
1
What is the hundred thousands digit of 4971309412?
3
What is the hundred thousands digit of 239178616?
1
What is the tens digit of 178108866?
6
What is the hundreds digit of 5361318000?
0
What is the hundred millions digit of 161672650?
1
What is the units digit of 469959979?
9
What is the hundred millions digit of 1276985476?
2
What is the units digit of 3354652366?
6
What is the hundreds digit of 1696182690?
6
What is the thousands digit of 2331631188?
1
What is the ten thousands digit of 169622569?
2
What is the thousands digit of 252963628?
3
What is the tens digit of 52326512?
1
What is the ten thousands digit of 1095853273?
5
What is the ten millions digit of 824731876?
2
What is the hundred thousands digit of 477768420?
7
What is the units digit of 172400318?
8
What is the units digit of 6238590?
0
What is the hundred millions digit of 198192675?
1
What is the tens digit of 52601153?
5
What is the tens digit of 2302929446?
4
What is the thousands digit of 2569793889?
3
What is the hundred millions digit of 1118971025?
1
What is the thousands digit of 499598724?
8
What is the ten millions digit of 245439132?
4
What is the hundred thousands digit of 203763446?
7
What is the hundred thousands digit of 3479888?
4
What is the hundreds digit of 229319144?
1
What is the units digit of 534763712?
2
What is the thousands digit of 52052372?
2
What is the ten thousands digit of 2878924002?
2
What is the thousands digit of 36947141?
7
What is the thousands digit of 11067969?
7
What is the hundreds digit of 2335955405?
4
What is the millions digit of 1416182471?
6
What is the ten millions digit of 1407706504?
0
What is the ten thousands digit of 706885981?
8
What is the billions digit of 3321279571?
3
What is the billions digit of 4934186801?
4
What is the hundred thousands digit of 86203357?
2
What is the ten millions digit of 119583307?
1
What is the ten thousands digit of 1489430702?
3
What is the ten thousands digit of 38124496?
2
What is the thousands digit of 178259714?
9
What is the hundreds digit of 134570538?
5
What is the hundred millions digit of 887883343?
8
What is the millions digit of 3846420364?
6
What is the ten millions digit of 731761016?
3
What is the tens digit of 157132454?
5
What is the billions digit of 1104814369?
1
What is the hundreds digit of 2611541970?
9
What is the hundred millions digit of 1510858896?
5
What is the tens digit of 152568466?
6
What is the ten thousands digit of 3571770037?
7
What is the hundred millions digit of 182368517?
1
What is the hundred thousands digit of 67275126?
2
What is the tens digit of 28478260?
6
What is the hundreds digit of 97025751?
7
What is the ten millions digit of 378684544?
7
What is the hundred thousands digit of 102104760?
1
What is the millions digit of 1004537571?
4
What is the tens digit of 163517152?
5
What is the units digit of 807054267?
7
What is the ten millions digit of 150241917?
5
What is the hundreds digit of 256250174?
1
What is the thousands digit of 28238329?
8
What is the tens digit of 323343857?
5
What is the hundred thousands digit of 567207455?
2
What is the billions digit of 1455265687?
1
What is the tens digit of 299826354?
5
What is the ten thousands digit of 7706387?
0
What is the tens digit of 75245639?
3
What is the hundred thousands digit of 16216002?
2
What is the hundred thousands digit of 3873710397?
7
What is the hundreds digit of 174062198?
1
What is the units digit of 359923296?
6
What is the thousands digit of 688523781?
3
What is the thousands digit of 1633104062?
4
What is the hundred thousands digit of 2481528136?
5
What is the tens digit of 426854413?
1
What is the hundreds digit of 157252255?
2
What is the ten thousands digit of 51946443?
4
What is the hundred millions digit of 2717497538?
7
What is the hundred thousands digit of 122169499?
1
What is the hundred thousands digit of 89875408?
8
What is the thousands digit of 182868484?
8
What is the units digit of 62615987?
7
What is the millions digit of 150537697?
0
What is the millions digit of 1231393497?
1
What is the units digit of 1533439?
9
What is the ten thousands digit of 5893594?
9
What is the hundred millions digit of 2644359079?
6
What is the ten millions digit of 54111949?
5
What is the tens digit of 1028032192?
9
What is the millions digit of 289646280?
9
What is the hundreds digit of 29083152?
1
What is the millions digit of 14574695?
4
What is the hundred millions digit of 697479404?
6
What is the millions digit of 62653011?
2
What is the millions digit of 887930019?
7
What is the thousands digit of 158513838?
3
What is the tens digit of 4042282507?
0
What is the thousands digit of 260735376?
5
What is the ten thousands digit of 2030713177?
1
What is the hundred millions digit of 183615280?
1
What is the thousands digit of 4552795623?
5
What is the hundred thousands digit of 1920543443?
5
What is the ten millions digit of 319451717?
1
What is the tens digit of 88317174?
7
What is the millions digit of 1867234679?
7
What is the billions digit of 1991895312?
1
What is the tens digit of 1454171578?
7
What is the hundreds digit of 316990819?
8
What is the hundreds digit of 48356570?
5
What is the thousands digit of 52076626?
6
What is the ten thousands digit of 7334651351?
5
What is the hundred thousands digit of 47023808?
0
What is the billions digit of 1117590305?
1
What is the hundred millions digit of 157310204?
1
What is the hundred millions digit of 2622395088?
6
What is the hundreds digit of 222861113?
1
What is the millions digit of 4221125398?
1
What is the hundred thousands digit of 779743633?
7
What is the millions digit of 3333120828?
3
What is the ten thousands digit of 80915273?
1
What is the hundred thousands digit of 20648690?
6
What is the hundred thousands digit of 56116990?
1
What is the tens digit of 3504162587?
8
What is the ten thousands digit of 1915684275?
8
What is the units digit of 475245062?
2
What is the tens digit of 4879094856?
5
What is the hundred thousands digit of 2427259682?
2
What is the units digit of 2202875954?
4
What is the hundred thousands digit of 21062152?
0
What is the hundreds digit of 2189753454?
4
What is the units digit of 4030632?
2
What is the ten thousands digit of